ctors of 46?
2, 23
What are the prime factors of 1124?
2, 281
What are the prime factors of 9953?
37, 269
What are the prime factors of 74616?
2, 3, 3109
What are the prime factors of 3350?
2, 5, 67
What are the prime factors of 1898?
2, 13, 73
What are the prime factors of 15022?
2, 7, 29, 37
What are the prime factors of 88867?
88867
What are the prime factors of 7397?
13, 569
List the prime factors of 982.
2, 491
List the prime factors of 8664.
2, 3, 19
What are the prime factors of 9952?
2, 311
List the prime factors of 3780.
2, 3, 5, 7
List the prime factors of 380.
2, 5, 19
List the prime factors of 84122.
2, 42061
List the prime factors of 16863.
3, 7, 11, 73
What are the prime factors of 1857?
3, 619
What are the prime factors of 1726?
2, 863
What are the prime factors of 727?
727
What are the prime factors of 3183?
3, 1061
What are the prime factors of 189?
3, 7
List the prime factors of 5592.
2, 3, 233
List the prime factors of 48547.
43, 1129
List the prime factors of 8881.
83, 107
List the prime factors of 83214.
2, 3, 23, 67
What are the prime factors of 632?
2, 79
List the prime factors of 52004.
2, 13001
What are the prime factors of 22228?
2, 5557
List the prime factors of 6239.
17, 367
List the prime factors of 5135.
5, 13, 79
What are the prime factors of 3732?
2, 3, 311
List the prime factors of 68214.
2, 3, 11369
List the prime factors of 25556.
2, 6389
What are the prime factors of 9253?
19, 487
What are the prime factors of 56958?
2, 3, 11, 863
What are the prime factors of 62792?
2, 47, 167
What are the prime factors of 80671?
80671
List the prime factors of 1319.
1319
What are the prime factors of 693?
3, 7, 11
List the prime factors of 64.
2
What are the prime factors of 337?
337
List the prime factors of 89704.
2, 11213
List the prime factors of 3109.
3109
What are the prime factors of 46436?
2, 13, 19, 47
List the prime factors of 9597.
3, 7, 457
List the prime factors of 53759.
53759
What are the prime factors of 11285?
5, 37, 61
What are the prime factors of 61669?
83, 743
List the prime factors of 1391.
13, 107
What are the prime factors of 1554?
2, 3, 7, 37
What are the prime factors of 6309?
3, 701
List the prime factors of 147.
3, 7
List the prime factors of 4114.
2, 11, 17
What are the prime factors of 45620?
2, 5, 2281
List the prime factors of 654.
2, 3, 109
List the prime factors of 3121.
3121
List the prime factors of 108637.
108637
What are the prime factors of 27755?
5, 7, 13, 61
List the prime factors of 11513.
29, 397
What are the prime factors of 3274?
2, 1637
What are the prime factors of 51639?
3, 7, 2459
What are the prime factors of 8965?
5, 11, 163
What are the prime factors of 2551?
2551
What are the prime factors of 48005?
5, 9601
List the prime factors of 54455.
5, 10891
List the prime factors of 19501.
19501
List the prime factors of 16539.
3, 37, 149
List the prime factors of 520.
2, 5, 13
List the prime factors of 9189.
3, 1021
List the prime factors of 33.
3, 11
List the prime factors of 90902.
2, 7, 43, 151
What are the prime factors of 66?
2, 3, 11
List the prime factors of 162181.
157, 1033
List the prime factors of 11219.
13, 863
List the prime factors of 552.
2, 3, 23
What are the prime factors of 18572?
2, 4643
What are the prime factors of 24411?
3, 79, 103
List the prime factors of 10050.
2, 3, 5, 67
What are the prime factors of 7117?
11, 647
What are the prime factors of 7166?
2, 3583
What are the prime factors of 537?
3, 179
List the prime factors of 216.
2, 3
List the prime factors of 717.
3, 239
List the prime factors of 2275.
5, 7, 13
List the prime factors of 658.
2, 7, 47
List the prime factors of 981.
3, 109
List the prime factors of 16144.
2, 1009
What are the prime factors of 30752?
2, 31
What are the prime factors of 857?
857
What are the prime factors of 3593?
3593
What are the prime factors of 5510?
2, 5, 19, 29
List the prime factors of 2189.
11, 199
List the prime factors of 7045.
5, 1409
List the prime factors of 4681.
31, 151
What are the prime factors of 4?
2
What are the prime factors of 22585?
5, 4517
What are the prime factors of 4206?
2, 3, 701
What are the prime factors of 1352?
2, 13
List the prime factors of 32169.
3, 10723
What are the prime factors of 8751?
3, 2917
What are the prime factors of 19872?
2, 3, 23
What are the prime factors of 330?
2, 3, 5, 11
What are the prime factors of 14596?
2, 41, 89
List the prime factors of 27014.
2, 13, 1039
What are the prime factors of 322?
2, 7, 23
What are the prime factors of 55289?
13, 4253
List the prime factors of 1539.
3, 19
What are the prime factors of 28852?
2, 7213
What are the prime factors of 415?
5, 83
What are the prime factors of 12755?
5, 2551
What are the prime factors of 9513?
3, 7, 151
What are the prime factors of 1864?
2, 233
List the prime factors of 13166.
2, 29, 227
What are the prime factors of 89?
89
What are the prime factors of 36890?
2, 5, 7, 17, 31
List the prime factors of 105.
3, 5, 7
List the prime factors of 1169.
7, 167
What are the prime factors of 5199?
3, 1733
What are the prime factors of 5304?
2, 3, 13, 17
List the prime factors of 101113.
101113
List the prime factors of 1179.
3, 131
List the prime factors of 689.
13, 53
List the prime factors of 29120.
2, 5, 7, 13
List the prime factors of 44.
2, 11
List the prime factors of 67952.
2, 31, 137
What are the prime factors of 139895?
5, 7, 571
List the prime factors of 6393.
3, 2131
What are the prime factors of 102901?
17, 6053
What are the prime factors of 36102?
2, 3, 11, 547
List the prime factors of 97288.
2, 12161
List the prime factors of 383.
383
What are the prime factors of 595?
5, 7, 17
What are the prime factors of 3920?
2, 5, 7
What are the prime factors of 1539?
3, 19
List the prime factors of 23012.
2, 11, 523
List the prime factors of 573.
3, 191
List the prime factors of 550.
2, 5, 11
List the prime factors of 12357.
3, 1373
List the prime factors of 14255.
5, 2851
What are the prime factors of 4052?
2, 1013
What are the prime factors of 442?
2, 13, 17
What are the prime factors of 500?
2, 5
List the prime factors of 567.
3, 7
What are the prime factors of 3687?
3, 1229
What are the prime factors of 1492?
2, 373
What are the prime factors of 22054?
2, 11027
List the prime factors of 2850.
2, 3, 5, 19
What are the prime factors of 4748?
2, 1187
List the prime factors of 129.
3, 43
What are the prime factors of 22176?
2, 3, 7, 11
List the prime factors of 243.
3
List the prime factors of 14856.
2, 3, 619
What are the prime factors of 1116?
2, 3, 31
What are the prime factors of 620?
2, 5, 31
What are the prime factors of 1307?
1307
List the prime factors of 75246.
2, 3, 12541
List the prime factors of 755.
5, 151
List the prime factors of 16997.
23, 739
What are the prime factors of 2403?
3, 89
What are the prime factors of 84944?
2, 5309
List the prime factors of 1496.
2, 11, 17
List the prime factors of 136268.
2, 11, 19, 163
What are the prime factors of 4833?
3, 179
What are the prime factors of 2641?
19, 139
What are the prime factors of 1286?
2, 643
What are the prime factors of 17555?
5, 3511
List the prime factors of 283.
283
What are the prime factors of 167?
167
What are the prime factors of 15395?
5, 3079
What are the prime factors of 490?
2, 5, 7
List the prime factors of 2699.
2699
List the prime factors of 52923.
3, 13, 23, 59
What are the prime factors of 1086?
2, 3, 181
List the prime factors of 10147.
73, 139
What are the prime factors of 11818?
2, 19, 311
What are the prime factors of 54083?
54083
What are the prime factors of 28790?
2, 5, 2879
List the prime factors of 69117.
3, 23039
What are the prime factors of 51005?
5, 101
List the prime factors of 51.
3, 17
List the prime factors of 23252.
2, 5813
List the prime factors of 16784.
2, 1049
List the prime factors of 1070.
2, 5, 107
List the prime factors of 5548.
2, 19, 73
List the prime factors of 658.
2, 7, 47
What are the prime factors of 5448?
2, 3, 227
What are the prime factors of 8067?
3, 2689
List the prime factors of 12397.
7, 11, 23
What are the prime factors of 139?
139
List the prime factors of 2582.
2, 1291
What are the prime factors of 41349?
3, 7, 11, 179
List the prime factors of 66522.
2, 3, 11087
What are the prime f